- 12. What is o(s)?
-4
Let l(q) = -q**3 + 15*q**2 - 12*q - 18. Let i(n) = 902*n - 2692. Let a be i(3). Calculate l(a).
10
Suppose q = 14*x - 5, 2*x - 9 + 16 = q. Let a(n) = -6*n + 56. Determine a(q).
2
Let i(h) = h**2 + 148*h - 307. Let w be i(2). Let n(g) = g**2 + 91*g + 577. Calculate n(w).
-11
Let n(d) = d + 17. Suppose 3793*s - 3995*s = 1414. Determine n(s).
10
Let f(q) = -49*q**3 - 16*q**2 - 12*q + 11. Let c(n) = 139*n**3 + 48*n**2 + 34*n - 31. Let s(p) = 6*c(p) + 17*f(p). What is s(-16)?
1
Let q(f) = 3 - 3*f - 4 + 5. Suppose p = -2*s - 14, -431*p = 4*s - 432*p + 16. What is q(s)?
19
Let f be 9*(4 + -1 + (-200)/72). Let k(l) be the third derivative of -l**4/6 + l**3/2 - 13*l**2 - 2. Give k(f).
-5
Let c(q) = -q**3 + 6*q**2 - 3*q - 8. Suppose 11*y = -6505 + 6560. Calculate c(y).
2
Let i(q) be the first derivative of q**3/3 + 11*q**2/2 + 2*q + 370. Determine i(0).
2
Let j(v) = 32*v**2 - 129*v - 152. Let s be j(5). Let n(p) be the first derivative of p**2/2 + p - 1. Calculate n(s).
4
Let d(v) be the third derivative of v**6/120 - v**5/20 - v**4/8 - 5*v**3/6 - 2113*v**2. Calculate d(4).
-1
Let z(g) be the first derivative of -2*g + 46 + 2/3*g**3 + 1/2*g**2. Determine z(3).
19
Let r(w) = w**3 - 5*w + 4. Let g = -22471 - -22473. Calculate r(g).
2
Let o(h) be the first derivative of h**2/2 + 6*h + 121. Let w(a) = a**2 + 19*a + 28. Let z be w(-17). Give o(z).
0
Let c(b) = -b**3 + 9*b**2 - b + 11. Let r be c(9). Let g(w) = 6*w - 5*w + w**3 + 10*w**2 + 2 - 18*w**2 + 13*w**r. Determine g(-5).
-3
Let s = -12 - -14. Suppose -4*c + 4*k = -44 + 8, 5*k + 29 = c. Let m(p) = -p**2 + 3 - 3*p - c - 2*p**2 + 4*p**2. Give m(s).
-3
Suppose -6*z = 131 - 113. Let a(o) = -o**2 - 8*o - 2. Calculate a(z).
13
Let f(u) = 5*u**2 - 224*u - 7. Let w(r) = -r**2 + 73*r + 1. Let y(t) = f(t) + 3*w(t). What is y(-7)?
129
Let g = -11535 + 11556. Let j(i) = -11*i + 233. Give j(g).
2
Let t(o) = -o**3 - 15*o**2 - 23*o + 32. Let l = -589 - -576. Let a be t(l). Let c(g) = 3*g + 9. Calculate c(a).
-12
Let x(b) = b**3 - 6*b**2 + 11*b + 18*b**2 - 8 - b. Let d be (-4)/(-1)*(-253)/(-828)*-9. What is x(d)?
3
Let c(z) = -81*z + 159*z - 85*z + z**3 - 4 + 10. Calculate c(3).
12
Suppose -31 = 16*c + 15 + 2. Let h(b) be the first derivative of -3*b - 2/3*b**3 - 2 - 2*b**2. Give h(c).
-9
Let w be (-21*75/(-630))/(0 + 1). Let z(f) be the second derivative of 23*f + 0 - 1/3*f**3 - w*f**2. Determine z(-5).
5
Let d(y) be the third derivative of y**5/30 + 7*y**4/12 - y**3/6 - 2155*y**2. What is d(-6)?
-13
Let v(o) be the third derivative of -o**4/4 - 2*o**3/3 + 4*o**2 - 8*o - 5. Determine v(-21).
122
Let j(i) = -4*i**2 - 3*i + 29. Let v(a) = a**2 - 2*a - 15. Let f(d) = -j(d) - 2*v(d). Give f(-2).
-5
Let o(b) = -1 - 1 - b + 4. Let d(m) = -16*m - 175. Let c be d(-14). Let l = c - 44. Determine o(l).
-3
Suppose 26*t - 363 = 59*t. Let s(b) = b**2 + 11*b - 5. What is s(t)?
-5
Let m(c) = -12*c**2 + 61. Let u(k) = 11*k**2 - 46. Let z(i) = 3*m(i) + 4*u(i). Let h = -3 + 4. What is z(h)?
7
Let k(n) = n**2 + 19*n + 59. Suppose -5*l + 35 = -g, 0 = 6*g - 4*l + 152 - 46. Determine k(g).
-1
Let x(f) = f**3 + 4*f**2 + 5*f + 6. Suppose -7*q - 365 = -400. Suppose -20 = q*d + o, 5*o - 7*o = 0. Determine x(d).
-14
Let n(f) = -10*f - 42. Let t(p) = -63*p - 3666. Let c be t(-58). What is n(c)?
78
Suppose 0*s + s = 2. Let c(n) = -3 + 1 + 3 - 8*n - s. Suppose -l - 7*l - 8 = 0. Give c(l).
7
Suppose -3*j - 51 = -4*r, 4*r - 63 = -j - 0*j. Let i = r + -19. Let a(p) be the third derivative of p**4/6 + p**3/2 - 6*p**2. Calculate a(i).
-13
Let g(d) = d**3 + 9599 + 7*d**2 - 9594 + 0*d**2. Let b = -42 + 35. Give g(b).
5
Let c be ((-2)/4)/(6 + 46/(-8)). Let j be (c/(-10) - 2/(-15))*0. Let r(u) = -u + 9. Calculate r(j).
9
Let o be 156/(-182)*28/8. Let v(r) = 6*r**2 - 17*r + 6. Let w(c) = -2*c**2 + 6*c - 2. Let i(p) = 3*v(p) + 8*w(p). Determine i(o).
29
Let n(i) be the third derivative of -1/6*i**3 + 2*i**2 - 1/60*i**5 + 0*i + 0 + 1/12*i**4. Suppose -1068 - 964 = -1016*f. Give n(f).
-1
Suppose 0 = 5*x + 2 - 27. Let i(v) be the second derivative of -5*v**3/6 + v**2/2 + 75*v. Let y(h) = -11*h + 3. Let b(l) = -13*i(l) + 6*y(l). Determine b(x).
0
Let f(m) = -43*m - 4. Suppose -896*b + 445*b = -442*b + 9. What is f(b)?
39
Let t(g) = 7*g**2 - g + 1. Let h = 8 + -9. Let x be -3*(2 - h)/(-3). Suppose -2*i - 3 = -v - 2, x*v - 9 = 0. Calculate t(i).
7
Let k(n) = -7*n**2 - 6*n + 184. Let s(f) = -f**2 - f + 33. Let z(c) = -2*k(c) + 11*s(c). Calculate z(2).
9
Let u(f) = -41*f + f**3 - 14*f**2 - 39*f + 23 + 0*f**3 + 67*f + 5. Calculate u(15).
58
Let b = -3 + 3. Let h = b - -4. Let y(g) = -23*g**2 - 12*g + 3. Let f(t) = 42*t**2 + 23*t - 5. Let o(j) = -6*f(j) - 11*y(j). Give o(h).
-11
Let x(h) be the first derivative of -7*h**3 - h**2/2 + 949. Determine x(1).
-22
Let w be (-5 - (-39)/6)*5456/12. Let o = -679 + w. Let n(v) = 2*v**3 - 3*v**2 - 4*v. Determine n(o).
15
Let t(g) = -g**3 + 6*g**2 - 7*g + 4. Let q = -48 + 62. Suppose -5*l + 4*y + 10 + q = 0, 6 = 2*l + 2*y. Let k be l/(-5) - 240/(-50). Calculate t(k).
8
Let p(y) = 4*y + 30. Let j be p(-7). Let h(l) = 9 + 0*l**2 - 4*l + 7*l**2 - 13 + 3 - 6*l**j. Determine h(3).
-4
Let u(f) = -f**3 + 10*f**2 + 3*f - 8. Let b(i) = -i**2 - i. Let v = -2 + 4. Let r(z) = v*b(z) + u(z). Let q = -267 + 275. Calculate r(q).
0
Let t(c) = -c + 1. Suppose 2*x = 4*x + 2*r - 306, 0 = -4*x + r + 627. Let n = x + -159. Calculate t(n).
4
Let g(a) = 128*a + 3. Let i(w) = 686*w + 17. Let m(f) = 11*g(f) - 2*i(f). What is m(-3)?
-109
Let b(c) = 5*c + 61. Let a be b(-11). Let j(g) = g. Let v(f) = -2*f**2 - 7*f + 1. Let n(m) = a*j(m) + v(m). Give n(-3).
-14
Let s(l) be the second derivative of -1/12*l**4 + 0 - 60*l + 1/6*l**3 - 2*l**2. Give s(4).
-16
Let m(a) = -a**3 + a**2 + a - 2. Let h be (-320)/(-18) - (-12)/54. Let o = h - 16. Let n be (-5)/o + (-10)/(-4). Determine m(n).
-2
Let v(l) = -2*l**2 + 63*l - 213. Let t be v(4). Let a(u) = -u**2 + 5*u - 24. Give a(t).
-38
Let d(b) = b**3 - 166*b**2 + 487*b - 5. Let k be d(3). Let z(g) = 34*g + 372. Calculate z(k).
-2
Suppose 4*n - 4*l = 24, -2*l = -l + 4. Suppose 0 = 5*c + 4*u - 135, 2*u + n*u - 112 = -4*c. Let a = 22 - c. Let z(k) = -k. What is z(a)?
1
Let s be (-221)/3 - (-4)/(-72)*6. Let t = s + 42. Let n be t/10 - ((-1)/(-5))/(-1). Let i(p) = p**2 + 2*p + 3. Give i(n).
6
Let c(h) = 5*h**2 - 71527681 + 71527681 - h + h**3 + 3*h. Let v be -1 + -3 + (-1 - -1). What is c(v)?
8
Let u(d) = -7*d + 24. Let n(k) = -17*k + 3 + 4*k + 7*k + 5*k. Let o(r) = 6*n(r) - u(r). Determine o(0).
-6
Let n(c) = c**3 + 5*c**2 - 4*c + 8. Suppose 0 = 2*g + 2*v + 44, -6*g - 110 = -g - v. Let f(z) = -z**3 - 23*z**2 - 20*z + 38. Let s be f(g). What is n(s)?
-4
Let y(z) be the second derivative of -1/20*z**5 + 5/12*z**4 + 3/2*z**3 + 79*z - 3*z**2 + 0. Determine y(6).
12
Let i(z) = -29*z + 613. Let g be i(20). Let h(l) = -l**2 + 34*l - 29. What is h(g)?
4
Let a(q) = 31*q - 20. Let f(p) = -174*p + 119. Let v(i) = 34*a(i) + 6*f(i). Give v(-3).
4
Let q be 1064/513 + (-4)/54. Suppose q*k - 13 = -3*j, -94 = -4*j - 5*k - 72. Let n(d) = -1. Let p(f) = f - 6. Let g(r) = -6*n(r) + p(r). Determine g(j).
3
Let t(g) = -g**2 + 2*g + 1. Let v be t(2). Let k(u) be the first derivative of -3*u**4/4 + u**3/3 - u**2 + u - 12266. Determine k(v).
-3
Let z(t) = 2*t**2 - 9*t + 7. Let n(q) = -10*q - 152. Let r be n(-16). Suppose r*x - 3 - 45 = 0. Determine z(x).
25
Let s(r) = -r**3 - 6*r**2 + 6*r - 10. Let j = -165 + 175. Suppose -2*u - 4 = 2*q, 4*u - 30 = -j. Calculate s(q).
-3
Let y(k) = -k**2 + 4*k + 8. Let r be y(-6). Let l be (-181)/(-4) - (-2 + 72/32). Let q = l + r. Let w(z) = z**3 + 8*z**2 + 5*z + 1. Determine w(q).
15
Let w = -26803 - -26805. Let s(p) be the second derivative of -1/20*p**5 - 1/2*p**3 + 0 - p**w - 5/12*p**4 + 36*p. Determine s(-2).
-8
Suppose 0 = 5*c - 7*c + 8. Let o(b) = -c + 3 + b - 1 - 1. Determine o(7).
4
Let c(o) = 3*o**3 + o**2 - 4*o**3 - 4 + 2*o**2 + 5*o. Let s(d) = 15*d + 44. Let h(i) = 14*i + 46. Let n(k) = 5*h(k) - 4*s(k). Let t be n(-5). What is c(t)?
0
Let y be 1608/(-312) - (10 + 396/(-39)). Suppose 2 = -a + 2*k, -2*k + 1 + 7 = 2*a. Let i(c) = c**a - 3*c + 0*c**2 - 4 + 3 + 6*c. Determine i(y).
9
Suppose 15*d = -7492 + 7612. Let t(u) = u**2 - 10*u + 4. Determine t(d).
-12
Let d = -15 + 17. 